38 - 2591. Is m a composite number?
False
Let a = -12974 + 23451. Is a composite?
False
Let a(g) = -g + 4. Let v be a(0). Suppose 0 = -v*h + 8*h - 2424. Suppose 4*b + b - h = -2*i, 3*i + 128 = b. Is b a composite number?
True
Suppose -6194 = -2*y - 0*y. Suppose -y - 648 = -7*b. Is b composite?
True
Let m(f) = 2*f + 5. Let x be m(-7). Let g(l) = l**2 + 10*l + 5. Let z be g(x). Is (452/(-10))/(z/20) a prime number?
False
Suppose 3*n - u - 125 = -n, u = -5*n + 145. Suppose 2*f + n = 8*f. Suppose -2134 = -f*t + 1561. Is t prime?
True
Let x(y) = 37805*y + 872. Is x(9) prime?
False
Let g = 25238 + -14223. Is g composite?
True
Let j be (1 - -1) + -4 - 105. Let t = -44 - j. Let m = t + 58. Is m a prime number?
False
Suppose j + 2*j - 2356 = 5*s, -2*j + 1577 = 3*s. Is j a prime number?
True
Suppose -3*h - 9272 = -102311. Is h a prime number?
True
Let n(i) be the third derivative of 7*i**5/60 - 19*i**4/24 + 11*i**3/6 - 20*i**2. Is n(8) a prime number?
True
Is 2901/((-3 - -2)*-3) a composite number?
False
Let c = -57 - -62. Suppose 0 = c*k - 1158 - 127. Is k composite?
False
Let f(h) = 3*h**2 - 14*h + 10. Let k(q) = 21*q. Let p be k(1). Is f(p) composite?
False
Let f(l) = l - 4. Let j be f(-10). Let g(p) = -11*p - 18. Let q be g(j). Suppose 0 = -5*w + 769 + q. Is w a composite number?
False
Suppose 7*j - 1007 = -2*t + 6*j, 0 = 3*t - j - 1503. Is t a composite number?
True
Suppose -3*z + 69445 = 4*g, -4*z + g + 66750 + 25818 = 0. Is z composite?
False
Suppose -17 = 4*k + 5*n, 0*k + 8 = -k - 5*n. Is 626/(-2 - k) + 3 a prime number?
False
Suppose -4*i - 19 = -39. Suppose x = i*z - 18, z + z + x - 3 = 0. Is z composite?
False
Suppose 4*f - 37083 - 52129 = 0. Is f a composite number?
False
Suppose -8*o + 10*o + 23429 = 3*b, 4*b - o = 31232. Is b a composite number?
True
Suppose 9791 = -12*c + 145379. Is c composite?
False
Let l(h) = 1682*h. Let n(s) = -s**2 - 2*s + 4. Let i be n(0). Let f(q) = 33*q. Let o(d) = i*l(d) - 203*f(d). Is o(5) prime?
False
Suppose 11*z - 8*z = 72. Is z/40 - 5164/(-10) a prime number?
False
Let s be (4/6)/((-14)/21). Is 139 - (-1)/(s/(-4)) prime?
False
Suppose 5*w + x - 1592 = 3*w, 5*w - 4*x - 3993 = 0. Is w a prime number?
True
Let q = 1228 + -425. Is q a composite number?
True
Suppose 2*i + h - 75692 = 0, -196*h + 199*h + 6 = 0. Is i a composite number?
False
Suppose -8*z = -576 - 3496. Is z composite?
False
Let a = 11451 - -10738. Is a prime?
True
Suppose 12*q - 10*q - 4322 = 0. Is q composite?
False
Suppose -2*r + 50420 = 4*d, -17*d = -13*d - 3*r - 50440. Is d composite?
True
Let v(k) = -k**2 - 12*k - 6. Let g be v(-5). Suppose -5*i - c = 15, -3*i + 4*i + g = 5*c. Is ((-1)/(-2))/(i/(-20872)) a composite number?
False
Let n(k) = 6120*k**3 + 2*k**2 + 5*k - 6. Is n(1) a composite number?
False
Is ((-8988)/18)/(16/(-24)) prime?
False
Let h(m) = 401*m**3 + 7*m**2 - 5*m - 15. Is h(4) composite?
False
Let u = -310 - -679. Let a = u + -115. Is a a composite number?
True
Let m be 5/(-20) + (-34)/(-8). Suppose -17 = 5*g - m*t, 0 = 2*g - 2*t + 14 - 6. Is g - (-2 + -8*6) composite?
True
Suppose 5*r = 3*w - 0*w - 24, -r = -4*w + 32. Suppose 0 = 2*f - 0*f + w. Let d(a) = -a**3 + a**2 - a - 5. Is d(f) prime?
True
Suppose 6*t - 5*t - 4 = 0. Let k = 10 - 10. Is 956/t - (k + 0) a composite number?
False
Let c be 1290/4*(-14 - -16). Let r = c - 458. Let f = r + -134. Is f composite?
False
Suppose 4*a + a = 20. Suppose 0 = a*t + 4*t - 10344. Let b = 1846 - t. Is b a composite number?
True
Let z(r) = -3*r + 57. Let c be z(19). Suppose 4*y + 2*b - 3*b - 1778 = c, -y + 2*b = -441. Is y a prime number?
False
Is (12 - -10332) + -18 + (-2 - 3) prime?
True
Let s(t) = -7021*t**3 - 5*t**2 - 9*t - 7. Is s(-2) prime?
False
Let b(i) = -i**3 - 18*i**2 - 30*i + 30. Is b(-17) a composite number?
False
Suppose a - 10 = 4*v, -v + 3*a - 4*a = 0. Let h be 2/(v - (-18)/8). Suppose q + 3*s - h = 0, 0*s - 10 = 2*s. Is q a prime number?
True
Let w = 4 + -6. Let d be (72/30)/(w/(-5)). Suppose 397 = b - 4*m, 0 = 3*b + 2*m - d*m - 1191. Is b composite?
False
Let f(c) = -2*c**3 - c**2 + 11*c - 3. Let i be f(-6). Let b = i - 136. Is b prime?
True
Let o = 603 + -380. Is o prime?
True
Let f = -23 + 21. Let r(v) = 2*v**2 + 3*v + 2. Let k be r(f). Is -9 + k - -2 - -86 composite?
False
Suppose -b = -2*b - h + 84, b - 87 = -2*h. Suppose 5*o - 804 = b. Suppose 2*c + 5*p - o = c, -p + 4 = 0. Is c composite?
False
Let j be (-1)/((-6)/(-3) - 3). Let f be 3*j*(13 + -12). Is (-3224)/(-20) + f/(-15) a prime number?
False
Let z = -13 + 12. Let x(k) = -7*k**2 - 2*k - 1. Let y be x(z). Is (-7)/(-21) + (-1732)/y prime?
False
Is 2/9 - (5 + (-327074)/99) a composite number?
False
Suppose 5*p - 65 = 65. Let t be 36/(-45) - 3387/(-15). Suppose m - t = p. Is m a prime number?
True
Let b = 22 - 20. Is (-8 + b)*113/(-6) composite?
False
Suppose 0*x + x = 39. Let w(a) = -a**2 - a. Let h be w(0). Let z = x - h. Is z composite?
True
Let o(b) = 64*b - 11. Suppose -4*h + 71 = 5*q - 98, 3*q + 93 = 3*h. Let p be (-195)/(-27) + (-8)/h. Is o(p) composite?
True
Let y be 2/5 + (-16)/(-10). Let g be (-872)/y*(1 - 2). Let m = g + -302. Is m a prime number?
False
Let s(c) be the first derivative of 101*c**3/3 - 3*c**2 - 24*c + 11. Is s(-7) composite?
False
Let k be (1 - -2) + (4 - -6803). Let h = -4295 + k. Is h a composite number?
True
Let p(f) = f + 4*f**2 + 15*f**2 + 4 + 0*f - 5. Is p(-4) a prime number?
False
Let x = 7888 + -2391. Is x prime?
False
Let j = 23 + -53. Let o = -4 - -2. Is ((-3100)/j)/(o/(-3)) prime?
False
Let x = 2381 - 727. Suppose x = 2*b - 264. Is b composite?
True
Let l = -26008 - -39257. Is l a prime number?
True
Let v(r) = 3*r**3 - 14*r**2 - 42*r - 2. Is v(17) a prime number?
False
Let t(g) = -397*g - 8. Let z be t(-5). Suppose -a + 1321 = 2*d - 0*a, 3*d - z = -3*a. Is d composite?
True
Suppose 4*y = -4*q + 41328, -y + 10334 = -q + 4*q. Is y a prime number?
True
Let r(d) be the third derivative of -131*d**6/120 + 4*d**2. Let k be r(-1). Is -5 + 3 + k - 0 composite?
True
Let y(i) = 95*i**2 + 7*i - 5. Let q(b) = -189*b**2 - 13*b + 9. Let w(n) = -6*q(n) - 11*y(n). Suppose 2*c + 2 = 4*m, -4*c + c - 3 = -5*m. Is w(c) composite?
False
Let z be (-3 + -2)*8/(-10). Suppose -2*w = -4*h + 2*w + 840, h = -z*w + 225. Is -3*h/(3 - 6) a prime number?
False
Suppose 0 = 28*r - 32490 - 5618. Is r a composite number?
False
Let o(k) = -k**2 - 7*k. Let s be o(-4). Suppose -5*j + 2*d = -18, -s = -2*j + 3*d - 7*d. Suppose j*p = 707 + 137. Is p composite?
False
Let o(l) = 19*l + 11. Let y(n) = n**3 - 9*n**2 - 8. Let j be y(9). Let z be (j/(-3))/((-2)/(-3)). Is o(z) prime?
False
Suppose 4*h - 4*j = -64, -h - 3*h = -j + 76. Is (-3)/12 + h/(-16) - -4750 a prime number?
True
Let i(f) = f**3 + 8*f**2 + 9. Let a be i(-8). Suppose a*v + 67 = 10*v. Is v prime?
True
Let b = -30 - -32. Suppose 4 = -2*j, 0 = b*a + j - 3*j - 102. Is a prime?
False
Is 12916/12*(-6 + 9) a prime number?
True
Suppose 3*g + 3*q = 13 + 23, 5*g + 3*q - 68 = 0. Let u(r) = 2*r**3 - 22*r**2 - 6*r - 17. Is u(g) composite?
False
Let f(d) = 3597*d**3 - 3*d**2 + d + 5. Is f(2) a composite number?
False
Suppose -137*h + 127*h + 66090 = 0. Is h a composite number?
True
Let d(v) = 9*v**2 + 7*v + 12. Let f be d(-3). Is (514/8)/((-426)/f + 6) composite?
True
Let w(s) = 1397*s**2 + 6*s - 3. Is w(2) a composite number?
True
Let p = 2546 + -1695. Is p prime?
False
Let s = 5 - 11. Let z(l) = -l - 1. Let g(r) = r**3 - 3*r - 3. Let n(x) = -2*g(x) + 5*z(x). Is n(s) a composite number?
True
Let h be 4 + 7/((-21)/6). Let o(j) = 373*j - 3. Is o(h) a prime number?
True
Suppose 4*l + 3*l = 8897. Is l a composite number?
True
Suppose 4*u = -2*w + 5054, 9*u = -5*w + 6*u + 12656. Is w a composite number?
True
Suppose -2*x - 52 = -w, 9*x - 143 = -4*w + 4*x. Let s be 12/w - 24160/(-14). Suppose 4*g + 4*q - 1760 = 0, 4*g - s = q + 59. Is g a prime number?
False
Let t(y) = 360*y - 167. Is t(17) composite?
False
Suppose 27*g = 22*g + 60485. Is g composite?
False
Suppose 16 = -7*o + 11*o. Suppose o*j - 1545 = 251. Is j prime?
True
Let q(j) = 3*j**2 + 11*j - 7. Suppose o = 4*o - 54. Is q(o) composite?
False
Let y(d) = 2*d**2 - 11*d - 8. Let g = 13 - 11. Suppose g*w = 10, -4*w = 5*c - 62 - 3. Is y(c) a composite number?
True
Let p be (0*2/(-8))/3. Suppose 3*d = -s - p*d + 2, -2*